{"id":591,"date":"2022-08-09T19:30:32","date_gmt":"2022-08-09T19:30:32","guid":{"rendered":"https:\/\/centre-mere-enfant.gvp-masar-rdc.org\/?page_id=591"},"modified":"2022-08-18T19:32:53","modified_gmt":"2022-08-18T19:32:53","slug":"ophtalmologie","status":"publish","type":"page","link":"https:\/\/centre-mere-enfant.gvp-masar-rdc.org\/index.php\/ophtalmologie\/","title":{"rendered":"Ophtalmologie"},"content":{"rendered":"\t\t<div data-elementor-type=\"wp-page\" data-elementor-id=\"591\" class=\"elementor elementor-591\">\n\t\t\t\t\t\t<section class=\"elementor-section elementor-top-section elementor-element elementor-element-f44d23d elementor-section-boxed elementor-section-height-default elementor-section-height-default\" data-id=\"f44d23d\" data-element_type=\"section\" data-e-type=\"section\">\n\t\t\t\t\t\t<div class=\"elementor-container elementor-column-gap-default\">\n\t\t\t\t\t<div class=\"elementor-column elementor-col-100 elementor-top-column elementor-element elementor-element-d8acadb\" data-id=\"d8acadb\" data-element_type=\"column\" data-e-type=\"column\">\n\t\t\t<div class=\"elementor-widget-wrap elementor-element-populated\">\n\t\t\t\t\t\t<div class=\"elementor-element elementor-element-23b8119 elementor-widget elementor-widget-image\" data-id=\"23b8119\" data-element_type=\"widget\" data-e-type=\"widget\" data-widget_type=\"image.default\">\n\t\t\t\t<div class=\"elementor-widget-container\">\n\t\t\t\t\t\t\t\t\t\t\t\t\t\t\t<img fetchpriority=\"high\" decoding=\"async\" width=\"1536\" height=\"1024\" src=\"https:\/\/centre-mere-enfant.gvp-masar-rdc.org\/wp-content\/uploads\/2022\/08\/IMG_6035-1536x1024.jpg\" class=\"attachment-1536x1536 size-1536x1536 wp-image-778\" alt=\"\" srcset=\"https:\/\/centre-mere-enfant.gvp-masar-rdc.org\/wp-content\/uploads\/2022\/08\/IMG_6035-1536x1024.jpg 1536w, https:\/\/centre-mere-enfant.gvp-masar-rdc.org\/wp-content\/uploads\/2022\/08\/IMG_6035-300x200.jpg 300w, https:\/\/centre-mere-enfant.gvp-masar-rdc.org\/wp-content\/uploads\/2022\/08\/IMG_6035-1024x683.jpg 1024w, https:\/\/centre-mere-enfant.gvp-masar-rdc.org\/wp-content\/uploads\/2022\/08\/IMG_6035-768x512.jpg 768w, https:\/\/centre-mere-enfant.gvp-masar-rdc.org\/wp-content\/uploads\/2022\/08\/IMG_6035-2048x1365.jpg 2048w, https:\/\/centre-mere-enfant.gvp-masar-rdc.org\/wp-content\/uploads\/2022\/08\/IMG_6035-600x400.jpg 600w\" sizes=\"(max-width: 1536px) 100vw, 1536px\" \/>\t\t\t\t\t\t\t\t\t\t\t\t\t\t\t<\/div>\n\t\t\t\t<\/div>\n\t\t\t\t<div class=\"elementor-element elementor-element-d33155c elementor-widget elementor-widget-text-editor\" data-id=\"d33155c\" data-element_type=\"widget\" data-e-type=\"widget\" data-widget_type=\"text-editor.default\">\n\t\t\t\t<div class=\"elementor-widget-container\">\n\t\t\t\t\t\t\t\t\t<p align=\"justify\">Dans le cadre de lutte contre la c\u00e9cit\u00e9, la basse vision et d\u2019autres pathologies oculaires c\u00e9citantes et non c\u00e9citantes et vu que la population de la zone de sant\u00e9 d\u2019Uvira et ses environs se faisaient soigner \u00e0 Bujumbura pour le probl\u00e8me oculaire. L<strong>e Centre M\u00e9dical M\u00e8re-Enfant en collaboration avec la Coordination Provinciale de la Sant\u00e9 Oculaire et Vision<\/strong> n\u2019a pas cess\u00e9 de r\u00e9pondre aux besoins qu\u2019exprime cette derni\u00e8re en mettant \u00e0 leur disposition un service d\u2019ophtalmologie sp\u00e9cialis\u00e9 et bien \u00e9quip\u00e9 dans le but d\u2019apporter les soins en 3 phases.\n<ul>\n \t<li>Phase pr\u00e9ventive\u00a0;<\/li>\n \t<li>Phase Curative\u00a0;<\/li>\n \t<li>Phase Promotionnelle.<\/li>\n<\/ul>\n<p align=\"justify\">Pour soulager les malades qui ont une difficult\u00e9 de voir de loin et pr\u00e8s (myopie, presbytie, hyperm\u00e9tropie et l\u2019astigmatisme), le Centre M\u00e9dical M\u00e8re Enfant a en plus mis \u00e0 la disposition cette population un service d\u2019optique dans le but d\u2019apporter une correction correcte de vice de r\u00e9fraction avec un moyen disponible.\n\nRappelons que ce service est supervis\u00e9 par un sp\u00e9cialiste, certifi\u00e9 pour la cartographie du trachome en RD Congo.\t\t\t\t\t\t\t\t<\/div>\n\t\t\t\t<\/div>\n\t\t\t\t\t<\/div>\n\t\t<\/div>\n\t\t\t\t\t<\/div>\n\t\t<\/section>\n\t\t\t\t<\/div>\n\t\t","protected":false},"excerpt":{"rendered":"<p>Dans le cadre de lutte contre la c\u00e9cit\u00e9, la basse vision et d\u2019autres pathologies oculaires c\u00e9citantes et non c\u00e9citantes et vu que la population de la zone de sant\u00e9 d\u2019Uvira et ses environs se faisaient soigner \u00e0 Bujumbura pour le probl\u00e8me oculaire. Le Centre M\u00e9dical M\u00e8re-Enfant en collaboration avec la Coordination Provinciale de la Sant\u00e9 Oculaire et Vision n\u2019a pas&#8230;<\/p>\n","protected":false},"author":1,"featured_media":0,"parent":0,"menu_order":0,"comment_status":"closed","ping_status":"closed","template":"","meta":{"give_campaign_id":0,"om_disable_all_campaigns":false,"_monsterinsights_skip_tracking":false,"_monsterinsights_sitenote_active":false,"_monsterinsights_sitenote_note":"","_monsterinsights_sitenote_category":0,"footnotes":""},"class_list":["post-591","page","type-page","status-publish","hentry"],"aioseo_notices":[],"campaignId":"","_links":{"self":[{"href":"https:\/\/centre-mere-enfant.gvp-masar-rdc.org\/index.php\/wp-json\/wp\/v2\/pages\/591","targetHints":{"allow":["GET"]}}],"collection":[{"href":"https:\/\/centre-mere-enfant.gvp-masar-rdc.org\/index.php\/wp-json\/wp\/v2\/pages"}],"about":[{"href":"https:\/\/centre-mere-enfant.gvp-masar-rdc.org\/index.php\/wp-json\/wp\/v2\/types\/page"}],"author":[{"embeddable":true,"href":"https:\/\/centre-mere-enfant.gvp-masar-rdc.org\/index.php\/wp-json\/wp\/v2\/users\/1"}],"replies":[{"embeddable":true,"href":"https:\/\/centre-mere-enfant.gvp-masar-rdc.org\/index.php\/wp-json\/wp\/v2\/comments?post=591"}],"version-history":[{"count":4,"href":"https:\/\/centre-mere-enfant.gvp-masar-rdc.org\/index.php\/wp-json\/wp\/v2\/pages\/591\/revisions"}],"predecessor-version":[{"id":887,"href":"https:\/\/centre-mere-enfant.gvp-masar-rdc.org\/index.php\/wp-json\/wp\/v2\/pages\/591\/revisions\/887"}],"wp:attachment":[{"href":"https:\/\/centre-mere-enfant.gvp-masar-rdc.org\/index.php\/wp-json\/wp\/v2\/media?parent=591"}],"curies":[{"name":"wp","href":"https:\/\/api.w.org\/{rel}","templated":true}]}}