{"id":574,"date":"2022-08-09T18:58:22","date_gmt":"2022-08-09T18:58:22","guid":{"rendered":"https:\/\/centre-mere-enfant.gvp-masar-rdc.org\/?page_id=574"},"modified":"2022-08-18T18:43:56","modified_gmt":"2022-08-18T18:43:56","slug":"imagerie-medicale","status":"publish","type":"page","link":"https:\/\/centre-mere-enfant.gvp-masar-rdc.org\/index.php\/imagerie-medicale\/","title":{"rendered":"Imagerie m\u00e9dicale"},"content":{"rendered":"\t\t<div data-elementor-type=\"wp-page\" data-elementor-id=\"574\" class=\"elementor elementor-574\">\n\t\t\t\t\t\t<section class=\"elementor-section elementor-top-section elementor-element elementor-element-32ac738b elementor-section-boxed elementor-section-height-default elementor-section-height-default\" data-id=\"32ac738b\" data-element_type=\"section\" data-e-type=\"section\">\n\t\t\t\t\t\t<div class=\"elementor-container elementor-column-gap-default\">\n\t\t\t\t\t<div class=\"elementor-column elementor-col-100 elementor-top-column elementor-element elementor-element-2505533f\" data-id=\"2505533f\" data-element_type=\"column\" data-e-type=\"column\">\n\t\t\t<div class=\"elementor-widget-wrap elementor-element-populated\">\n\t\t\t\t\t\t<div class=\"elementor-element elementor-element-635e3d8 elementor-widget elementor-widget-image\" data-id=\"635e3d8\" data-element_type=\"widget\" data-e-type=\"widget\" data-widget_type=\"image.default\">\n\t\t\t\t<div class=\"elementor-widget-container\">\n\t\t\t\t\t\t\t\t\t\t\t\t\t\t\t<img fetchpriority=\"high\" decoding=\"async\" width=\"1536\" height=\"1024\" src=\"https:\/\/centre-mere-enfant.gvp-masar-rdc.org\/wp-content\/uploads\/2022\/08\/IMG_5980-1536x1024.jpg\" class=\"attachment-1536x1536 size-1536x1536 wp-image-774\" alt=\"\" srcset=\"https:\/\/centre-mere-enfant.gvp-masar-rdc.org\/wp-content\/uploads\/2022\/08\/IMG_5980-1536x1024.jpg 1536w, https:\/\/centre-mere-enfant.gvp-masar-rdc.org\/wp-content\/uploads\/2022\/08\/IMG_5980-300x200.jpg 300w, https:\/\/centre-mere-enfant.gvp-masar-rdc.org\/wp-content\/uploads\/2022\/08\/IMG_5980-1024x683.jpg 1024w, https:\/\/centre-mere-enfant.gvp-masar-rdc.org\/wp-content\/uploads\/2022\/08\/IMG_5980-768x512.jpg 768w, https:\/\/centre-mere-enfant.gvp-masar-rdc.org\/wp-content\/uploads\/2022\/08\/IMG_5980-2048x1365.jpg 2048w, https:\/\/centre-mere-enfant.gvp-masar-rdc.org\/wp-content\/uploads\/2022\/08\/IMG_5980-600x400.jpg 600w\" sizes=\"(max-width: 1536px) 100vw, 1536px\" \/>\t\t\t\t\t\t\t\t\t\t\t\t\t\t\t<\/div>\n\t\t\t\t<\/div>\n\t\t\t\t<div class=\"elementor-element elementor-element-257a4897 elementor-widget elementor-widget-text-editor\" data-id=\"257a4897\" data-element_type=\"widget\" data-e-type=\"widget\" data-widget_type=\"text-editor.default\">\n\t\t\t\t<div class=\"elementor-widget-container\">\n\t\t\t\t\t\t\t\t\t\n<div align=\"justify\">\n\nAu sein de notre structure, l&rsquo;imagerie m\u00e9dicale est un service important et permet de diagnostiquer certaines maladies, suivre leur \u00e9volution et d\u00e9couvrir m\u00eame leur fonctionnement, raison pour laquelle le <strong>Centre M\u00e9dical M\u00e8re-Enfant<\/strong> met \u00e0 la disposition de la population des mat\u00e9riels modernes et un personnel (prescripteurs) qualifi\u00e9. Notre service d\u2019imagerie comprend\u00a0:\n\n\n\n<ol class=\"wp-block-list\" type=\"1\"><br\/>\n \t<li>\n<strong>Echographie<\/strong><\/li>\n<\/ol>\n\n\n\n<br\/>\nDans notre structure, L\u2019\u00e9chographie est utilis\u00e9e (Elle permet de rechercher des anomalies\u00a0comme des malformations f\u0153tales lors de suivi des grossesses, des tumeurs ou des kystes, et elle est \u00e9galement utilis\u00e9e pour guider visuellement le m\u00e9decin lors de la r\u00e9alisation de biopsies ou d\u2019autres examens.) pour certaines indications, car elle peut \u00eatre pratiqu\u00e9e sur n\u2019importe quelle partie du corps\u00a0: \u00e9chographie cardiaque, r\u00e9nale, pelvienne, des vaisseaux sanguins, du cerveau (\u00e9chographie transfontanellaire du nouveau-n\u00e9), de la prostate, de la thyro\u00efde, etc.\n\n\n\n\n\nElle est \u00e9galement un outil indispensable lors du suivi de grossesse, car elle permet de suivre le d\u00e9veloppement du f\u0153tus et de d\u00e9pister de nombreuses anomalies f\u0153tales.\n\n\n\n\n\nC\u2019est pourquoi, une \u00e0 trois s\u00e9ances d\u2019\u00e9chographie sont g\u00e9n\u00e9ralement propos\u00e9es aux femmes enceintes qui sont suivies chez nous.\n\n\n\n <br\/>\n<br\/>\n2. <strong>ECG<\/strong><br\/><br\/>\n\n\n\n\n\nNotre structure est parmi les rares h\u00f4pitaux qui disposent l\u2019examen d\u2019ECG dans la ville d\u2019Uvira, province du Sud-Kivu en RD Congo. Sachant bien que l\u2019ECG peut mesurer et enregistrer l&rsquo;activit\u00e9 \u00e9lectrique qui traverse le c\u0153ur et aussi un m\u00e9decin peut d\u00e9terminer si l&rsquo;activit\u00e9 \u00e9lectrique ainsi observ\u00e9e est normale ou irr\u00e9guli\u00e8re. Voil\u00e0 pourquoi, il nous a \u00e9t\u00e9 utile de mettre \u00e0 la disposition des personnes atteintes d&rsquo;arythmie ou qui souffrent de douleurs \u00e0 la poitrine ou de palpitations cet examen pour une meilleure prise en charge.\n\n\t\t\t\t\t\t\t\t<\/div>\n\t\t\t\t<\/div>\n\t\t\t\t\t<\/div>\n\t\t<\/div>\n\t\t\t\t\t<\/div>\n\t\t<\/section>\n\t\t\t\t<\/div>\n\t\t","protected":false},"excerpt":{"rendered":"<p>Au sein de notre structure, l&rsquo;imagerie m\u00e9dicale est un service important et permet de diagnostiquer certaines maladies, suivre leur \u00e9volution et d\u00e9couvrir m\u00eame leur fonctionnement, raison pour laquelle le Centre M\u00e9dical M\u00e8re-Enfant met \u00e0 la disposition de la population des mat\u00e9riels modernes et un personnel (prescripteurs) qualifi\u00e9. Notre service d\u2019imagerie comprend\u00a0: Echographie Dans notre structure, L\u2019\u00e9chographie est utilis\u00e9e (Elle permet&#8230;<\/p>\n","protected":false},"author":1,"featured_media":0,"parent":0,"menu_order":0,"comment_status":"closed","ping_status":"closed","template":"","meta":{"give_campaign_id":0,"om_disable_all_campaigns":false,"_monsterinsights_skip_tracking":false,"_monsterinsights_sitenote_active":false,"_monsterinsights_sitenote_note":"","_monsterinsights_sitenote_category":0,"footnotes":""},"class_list":["post-574","page","type-page","status-publish","hentry"],"aioseo_notices":[],"campaignId":"","_links":{"self":[{"href":"https:\/\/centre-mere-enfant.gvp-masar-rdc.org\/index.php\/wp-json\/wp\/v2\/pages\/574","targetHints":{"allow":["GET"]}}],"collection":[{"href":"https:\/\/centre-mere-enfant.gvp-masar-rdc.org\/index.php\/wp-json\/wp\/v2\/pages"}],"about":[{"href":"https:\/\/centre-mere-enfant.gvp-masar-rdc.org\/index.php\/wp-json\/wp\/v2\/types\/page"}],"author":[{"embeddable":true,"href":"https:\/\/centre-mere-enfant.gvp-masar-rdc.org\/index.php\/wp-json\/wp\/v2\/users\/1"}],"replies":[{"embeddable":true,"href":"https:\/\/centre-mere-enfant.gvp-masar-rdc.org\/index.php\/wp-json\/wp\/v2\/comments?post=574"}],"version-history":[{"count":7,"href":"https:\/\/centre-mere-enfant.gvp-masar-rdc.org\/index.php\/wp-json\/wp\/v2\/pages\/574\/revisions"}],"predecessor-version":[{"id":860,"href":"https:\/\/centre-mere-enfant.gvp-masar-rdc.org\/index.php\/wp-json\/wp\/v2\/pages\/574\/revisions\/860"}],"wp:attachment":[{"href":"https:\/\/centre-mere-enfant.gvp-masar-rdc.org\/index.php\/wp-json\/wp\/v2\/media?parent=574"}],"curies":[{"name":"wp","href":"https:\/\/api.w.org\/{rel}","templated":true}]}}