{"id":572,"date":"2022-08-09T18:55:32","date_gmt":"2022-08-09T18:55:32","guid":{"rendered":"https:\/\/centre-mere-enfant.gvp-masar-rdc.org\/?page_id=572"},"modified":"2022-08-18T17:34:44","modified_gmt":"2022-08-18T17:34:44","slug":"pharmacie","status":"publish","type":"page","link":"https:\/\/centre-mere-enfant.gvp-masar-rdc.org\/index.php\/pharmacie\/","title":{"rendered":"Pharmacie"},"content":{"rendered":"\t\t<div data-elementor-type=\"wp-page\" data-elementor-id=\"572\" class=\"elementor elementor-572\">\n\t\t\t\t\t\t<section class=\"elementor-section elementor-top-section elementor-element elementor-element-7f6896c6 elementor-section-boxed elementor-section-height-default elementor-section-height-default\" data-id=\"7f6896c6\" data-element_type=\"section\" data-e-type=\"section\">\n\t\t\t\t\t\t<div class=\"elementor-container elementor-column-gap-default\">\n\t\t\t\t\t<div class=\"elementor-column elementor-col-100 elementor-top-column elementor-element elementor-element-1b374045\" data-id=\"1b374045\" data-element_type=\"column\" data-e-type=\"column\">\n\t\t\t<div class=\"elementor-widget-wrap elementor-element-populated\">\n\t\t\t\t\t\t<div class=\"elementor-element elementor-element-c3c9fa0 elementor-widget elementor-widget-image\" data-id=\"c3c9fa0\" data-element_type=\"widget\" data-e-type=\"widget\" data-widget_type=\"image.default\">\n\t\t\t\t<div class=\"elementor-widget-container\">\n\t\t\t\t\t\t\t\t\t\t\t\t\t\t\t<img fetchpriority=\"high\" decoding=\"async\" width=\"1536\" height=\"1024\" src=\"https:\/\/centre-mere-enfant.gvp-masar-rdc.org\/wp-content\/uploads\/2022\/08\/IMG_6095-1536x1024.jpg\" class=\"attachment-1536x1536 size-1536x1536 wp-image-800\" alt=\"\" srcset=\"https:\/\/centre-mere-enfant.gvp-masar-rdc.org\/wp-content\/uploads\/2022\/08\/IMG_6095-1536x1024.jpg 1536w, https:\/\/centre-mere-enfant.gvp-masar-rdc.org\/wp-content\/uploads\/2022\/08\/IMG_6095-300x200.jpg 300w, https:\/\/centre-mere-enfant.gvp-masar-rdc.org\/wp-content\/uploads\/2022\/08\/IMG_6095-1024x683.jpg 1024w, https:\/\/centre-mere-enfant.gvp-masar-rdc.org\/wp-content\/uploads\/2022\/08\/IMG_6095-768x512.jpg 768w, https:\/\/centre-mere-enfant.gvp-masar-rdc.org\/wp-content\/uploads\/2022\/08\/IMG_6095-2048x1365.jpg 2048w, https:\/\/centre-mere-enfant.gvp-masar-rdc.org\/wp-content\/uploads\/2022\/08\/IMG_6095-600x400.jpg 600w\" sizes=\"(max-width: 1536px) 100vw, 1536px\" \/>\t\t\t\t\t\t\t\t\t\t\t\t\t\t\t<\/div>\n\t\t\t\t<\/div>\n\t\t\t\t<div class=\"elementor-element elementor-element-692f17eb elementor-widget elementor-widget-text-editor\" data-id=\"692f17eb\" data-element_type=\"widget\" data-e-type=\"widget\" data-widget_type=\"text-editor.default\">\n\t\t\t\t<div class=\"elementor-widget-container\">\n\t\t\t\t\t\t\t\t\t\n<p align=\"justify\">Notre pharmacie (ou officine) est g\u00e9r\u00e9e par un personnel qualifi\u00e9 et c\u2019est une structure dont\u00a0le r\u00f4le premier est de mettre \u00e0 la disposition des patients des m\u00e9dicaments de meilleure qualit\u00e9. La dispensation est aussi donc l\u2019une des activit\u00e9s la plus importante de la pharmacie, surtout pour les ventes externes, raison pour laquelle nos pharmaciens s\u2019assurent de la validit\u00e9 de l\u2019ordonnance, de la bonne compr\u00e9hension par le patient, de la posologie apr\u00e8s l\u2019avoir v\u00e9rifi\u00e9e, de la dur\u00e9e du traitement et de l\u2019indication avant chaque d\u00e9livrance de nos produits. La majorit\u00e9 des m\u00e9dicaments d\u00e9livr\u00e9s chez nous sont des m\u00e9dicaments prescrits.<\/p>\n\n<p>Pour ce qui concerne l\u2019approvisionnement en produits pharmaceutiques, nos pharmaciens prennent le temps suffisant pour v\u00e9rifier la qualit\u00e9 des m\u00e9dicaments. Aussi, ils participent \u00e0 la s\u00e9lection des fournisseurs fiables conform\u00e9ment aux normes standards de la gestion de pharmacie que dispose notre structure.<\/p>\n\n<p>Les aspects ci-dessous sont scrupuleusement respect\u00e9s dans notre officine\u00a0:<\/p>\n\n<ul class=\"wp-block-list\">\n<li>La r\u00e8gle des 5 B\u00a0: Bon m\u00e9dicament, Bonne dose, Bonne voie, Bon moment, Bon Patient\u00a0;<\/li>\n<li>Pour les patients en hospitalisation, on doit honorer la demande des produits r\u00e9quisitionn\u00e9s\u00a0;<\/li>\n<li>Existence des plateaux d\u2019urgence dans chaque service afin de g\u00e9rer les urgences\u00a0; etc.<\/li>\n<\/ul>\n\t\t\t\t\t\t\t\t<\/div>\n\t\t\t\t<\/div>\n\t\t\t\t\t<\/div>\n\t\t<\/div>\n\t\t\t\t\t<\/div>\n\t\t<\/section>\n\t\t\t\t<\/div>\n\t\t","protected":false},"excerpt":{"rendered":"<p>Notre pharmacie (ou officine) est g\u00e9r\u00e9e par un personnel qualifi\u00e9 et c\u2019est une structure dont\u00a0le r\u00f4le premier est de mettre \u00e0 la disposition des patients des m\u00e9dicaments de meilleure qualit\u00e9. La dispensation est aussi donc l\u2019une des activit\u00e9s la plus importante de la pharmacie, surtout pour les ventes externes, raison pour laquelle nos pharmaciens s\u2019assurent de la validit\u00e9 de l\u2019ordonnance,&#8230;<\/p>\n","protected":false},"author":1,"featured_media":0,"parent":0,"menu_order":0,"comment_status":"closed","ping_status":"closed","template":"","meta":{"give_campaign_id":0,"om_disable_all_campaigns":false,"_monsterinsights_skip_tracking":false,"_monsterinsights_sitenote_active":false,"_monsterinsights_sitenote_note":"","_monsterinsights_sitenote_category":0,"footnotes":""},"class_list":["post-572","page","type-page","status-publish","hentry"],"aioseo_notices":[],"campaignId":"","_links":{"self":[{"href":"https:\/\/centre-mere-enfant.gvp-masar-rdc.org\/index.php\/wp-json\/wp\/v2\/pages\/572","targetHints":{"allow":["GET"]}}],"collection":[{"href":"https:\/\/centre-mere-enfant.gvp-masar-rdc.org\/index.php\/wp-json\/wp\/v2\/pages"}],"about":[{"href":"https:\/\/centre-mere-enfant.gvp-masar-rdc.org\/index.php\/wp-json\/wp\/v2\/types\/page"}],"author":[{"embeddable":true,"href":"https:\/\/centre-mere-enfant.gvp-masar-rdc.org\/index.php\/wp-json\/wp\/v2\/users\/1"}],"replies":[{"embeddable":true,"href":"https:\/\/centre-mere-enfant.gvp-masar-rdc.org\/index.php\/wp-json\/wp\/v2\/comments?post=572"}],"version-history":[{"count":8,"href":"https:\/\/centre-mere-enfant.gvp-masar-rdc.org\/index.php\/wp-json\/wp\/v2\/pages\/572\/revisions"}],"predecessor-version":[{"id":819,"href":"https:\/\/centre-mere-enfant.gvp-masar-rdc.org\/index.php\/wp-json\/wp\/v2\/pages\/572\/revisions\/819"}],"wp:attachment":[{"href":"https:\/\/centre-mere-enfant.gvp-masar-rdc.org\/index.php\/wp-json\/wp\/v2\/media?parent=572"}],"curies":[{"name":"wp","href":"https:\/\/api.w.org\/{rel}","templated":true}]}}